et r(g) = 2*g + 21. Suppose 5 = s, 5*v - 2*s + 45 + 10 = 0. Let y be r(v). Suppose 0 = -b + y*t + 109, b = 6*b + 3*t - 473. List the prime factors of b.
97
Let u be 2 - 21/12 - (-29903)/68. Suppose 0 = -2*p + 210 + u. List the prime factors of p.
5, 13
Let q(x) = -4*x**2 + 8*x + 7. Let k be q(7). Let c = k - -227. Suppose -a + c - 31 = 0. What are the prime factors of a?
3, 7
Let l(z) = 16*z**2 + 93*z - 3. Let d be l(-9). Let b = d - 195. What are the prime factors of b?
3, 29
Let k(d) = d**3 - d. Let i be k(1). Suppose g = 4*g + z - 290, -3*g - 5*z + 298 = i. Suppose 3*b - g + 8 = l, -3*b = -5*l - 68. List the prime factors of b.
31
Let x be (30/12)/(3/6). Suppose 0 = -4*r + 3*n + 257, x*r + 2*n + n - 355 = 0. List the prime factors of 1*r + (-7 - -6).
67
Let r(j) = -8*j**3 - 5*j**2 - 16*j - 13. Let h(n) = 7*n**3 + 4*n**2 + 15*n + 12. Let g(i) = -7*h(i) - 6*r(i). What are the prime factors of g(-3)?
2, 3, 11
Let s = 48988 + -34741. List the prime factors of s.
3, 1583
Let q = 208 - 315. Let a = -92 - q. Suppose 64 = j - 4*b + a, -210 = -4*j + 2*b. What are the prime factors of j?
53
Suppose 75 = 4*c + 3*t, c - 33 = -9*t + 13*t. Suppose 17*x = c*x - 1424. List the prime factors of x.
2, 89
Suppose 0 = -59*v + 60*v - 21. Let f be 2 + (-30)/v + 1144/56. Suppose 0 = p - f - 80. List the prime factors of p.
101
Suppose -6*g + 37 = -9*g - 5*y, -2*g = 2*y + 22. Let j = 13 - -76. Let o = g + j. List the prime factors of o.
2, 5
Suppose 2*z - 723 = -5*a, 271 = 4*z + 2*a - 1151. Let v = z + -351. What are the prime factors of v?
3
Let i(b) = b**2 - 14*b + 179. Let s be i(28). List the prime factors of (-1 - (-18)/(-6)) + s.
3, 7
Suppose 5*l = -3*l + 648. Suppose -6 = -o + b - 20, 4*o + b = -l. Let x = 61 - o. List the prime factors of x.
2, 5
Let g(w) = -2*w**2 + 52*w - 7. Let k be g(26). List the prime factors of (-12)/28 + ((-16347)/k)/3.
2, 389
Let k = 161 - -1169. List the prime factors of k.
2, 5, 7, 19
What are the prime factors of (8 + (17 - 28))/((-5)/((-464320)/(-12)))?
2, 1451
Suppose 19*f = -6*f + 25. Suppose f - 11 = -2*g, 4*g + 380 = 4*c. What are the prime factors of c?
2, 5
Let v(l) = 129*l**2 + 13*l - 213. What are the prime factors of v(15)?
3, 11, 293
Suppose 11*v = 2*v - 2304. Let t be 2592/v + 1/8. List the prime factors of ((-506)/t - 1) + (-2)/(-5).
2, 5
Let r be (4 + 0)*16/32. Suppose r*s - 85 = 187. List the prime factors of s.
2, 17
Let h(j) = 11*j**2 + 227*j - 37. List the prime factors of h(-30).
43, 71
Let h(g) = -g**3 + 3*g**2 + 3*g + 3. Let d be h(0). Suppose 0 = -4*m - d*i + i + 266, i - 198 = -3*m. What are the prime factors of m?
5, 13
Let i = -29 + 31. Let f be ((-8)/(-12)*-1671)/(i/(-1)). Suppose -3*k - 2*k + r + 947 = 0, -3*k + f = 5*r. List the prime factors of k.
3, 7
Let j(l) = -793*l - 1613. List the prime factors of j(-3).
2, 383
Let j be 2 + (-11 - 20/(-5)). List the prime factors of (-3 + (-466)/j)*5.
11, 41
Let a(u) = 615*u**2 + 41*u + 244. List the prime factors of a(-5).
2, 3, 7, 367
Let k(h) = 2466*h**2 + 174*h - 508. List the prime factors of k(3).
2, 347
Suppose 4*w - 7*w - 27 = -3*z, 0 = w + z + 11. Let x(h) = -24*h - 47. List the prime factors of x(w).
193
Let k = 2225 - 2161. Let o(b) = -11*b**2 + 3*b + 3. Let m be o(-2). Let u = k + m. What are the prime factors of u?
17
Let n = 1174 - -8713. List the prime factors of n.
9887
Let m be -10*(6 + -3)*2/15. Let n(t) = -8*t**3 + 6*t**2 - 2*t - 10. What are the prime factors of n(m)?
2, 3, 101
Let a(i) = 436*i**3 + 53*i - 141. List the prime factors of a(3).
2, 3, 5, 131
Suppose 5*t = -0 - 5, 2*t = u - 2098. Let r = -1092 + u. List the prime factors of r.
2, 251
Let d(u) = -13*u + 133. Let h be d(10). What are the prime factors of 113/(-1)*(h + -3*4)?
3, 113
Suppose u + 5*w = -u - 34, 0 = -5*u - 2*w - 43. What are the prime factors of 36*(-6 + -1)/u?
2, 3
Suppose -7*k + 2*k + 3*i = 68, 5*i = -5*k - 60. Let w(v) be the second derivative of -v**4/12 - 3*v**3 + 3*v**2 + 4*v. List the prime factors of w(k).
71
Suppose a + 32 = s - 3*a, -4*s + 2*a = -86. Let y be (-2)/(-5) + 32/s. Suppose 0 = 2*n - y*l - 114, -3*n + 234 = n - l. List the prime factors of n.
59
Suppose 0 = -3*s + 2*s - 2*l + 827, l = 3*s - 2474. What are the prime factors of (-1 - -6) + (-2 - (15 - s))?
3, 271
Let j(z) be the second derivative of 9*z**5/20 - z**4/4 - 3*z**3/2 + 3*z**2/2 + 74*z. List the prime factors of j(4).
3, 5, 11
Suppose -350 = -15*o - 20*o. Suppose -1474 - 804 = -3*l - 5*v, 0 = -2*v + o. What are the prime factors of l?
751
Let f be (66/18 - 6)/((-2)/6). Let c(z) = -f - 4*z - 2 + 2*z**2 - 8 + 2. What are the prime factors of c(-6)?
3
What are the prime factors of (-4)/((-32)/(-68284))*-3*(-18)/(-9)?
3, 43, 397
Suppose 112*t - 2945159 = 119945. What are the prime factors of t?
27367
Let w(x) = 13*x**3 - 11*x**2 + 5*x - 3. Suppose 2*p - 4 = -4*z, -p - 9 + 8 = 5*z. List the prime factors of w(p).
673
Let j = -64 - -83. Suppose j*d - 14*d = 35. Suppose -d*o = -4*o - 222. List the prime factors of o.
2, 37
Suppose -8*m + 25*m = -3672. Let s = 364 - m. List the prime factors of s.
2, 5, 29
Let i(g) = 78*g**2 + 35*g - 91. List the prime factors of i(8).
3, 11, 157
What are the prime factors of (-9620)/8*-8 - 2*(5 - 4)?
2, 3, 7, 229
What are the prime factors of (758954/4)/(-7)*(-104)/52?
23, 2357
Let i(a) = -a**3 - 54*a**2 + 174*a - 116. What are the prime factors of i(-61)?
17, 53
Suppose 0 = 13*r - 17*r + 876. Suppose -6*j + 51 = -r. Suppose 0 = -35*p + 30*p + j. List the prime factors of p.
3
Let q = 138 + -135. Suppose 2*i - i + 49 = q*c, 5*c - 95 = -i. What are the prime factors of c?
2, 3
Let z = -6 + 29. Let b be -2 + (-8)/(-4) + 1. Let l = z - b. List the prime factors of l.
2, 11
Let l = -21 - -26. Suppose -814 = -l*b + 3*b - 2*a, -2*a = -4*b + 1646. Suppose 0 = 5*c - b - 220. List the prime factors of c.
2, 3, 7
Let y = -90 - -93. Suppose y*p + 127 - 356 = -u, 3*u - p - 717 = 0. List the prime factors of (u/21)/(-1)*33/(-2).
11, 17
Let c(l) = -1 - l**3 - 5*l**2 + 22*l - 22*l + 6. Let d be c(-5). Suppose -d*n + 16 = -219. List the prime factors of n.
47
Suppose 3*k - 1786 = k. Let y = 8644 + -8639. Suppose -3*s - s - 1114 = -y*q, -5*s - k = -4*q. List the prime factors of q.
2, 3, 37
Suppose -10 = 2*w + 2*y, 0 = -2*y - 3*y + 20. What are the prime factors of (w + 8 + -3465)/(-2)?
1733
Let i be (-2668)/(-638) + (-2)/11. Suppose i*u - 324 - 1736 = -4*c, 4*u + 8 = 0. What are the prime factors of c?
11, 47
List the prime factors of 50/5 - 272448/(-33).
2, 4133
Let r = 39 + -34. Suppose -2*t - 28 = -2*b, -r*b + 0 = 10. What are the prime factors of t/56 + (-464)/(-7)?
2, 3, 11
Let l(z) = z**3 + 12*z**2 - 34*z + 4. Let w = 58 + -55. Let u be (w + 11)/(2/(-2)). What are the prime factors of l(u)?
2, 11
Let d(l) = -12400*l + 912. What are the prime factors of d(-2)?
2, 1607
Suppose -2*m + 2 = 0, -5*a + 3*m - 4 = -m. Suppose a = 8*o - 3*o + p - 70, o - p = 8. What are the prime factors of (-4)/(-1)*(4 + o)?
2, 17
Let x = -260 + 260. Suppose -4*k = -x*k - 2868. What are the prime factors of k?
3, 239
Suppose 4*p - 4*o = 45264, 3*p + 3*o - 5*o = 33950. What are the prime factors of p?
2, 5659
Suppose 8*w = 7 + 9. Suppose 3 = u + w*t - 0, -6 = -2*u - 3*t. Suppose u*q - 3*y - 253 = -2*y, 0 = 5*q + 5*y - 395. What are the prime factors of q?
83
Let a(l) = -l**2 + 12*l - 26. Let g be a(10). What are the prime factors of g*((1 - 4) + 2)*23?
2, 3, 23
Let n = 18 + 119. Let g be 4598/95 - (-5 + (-110)/(-25)). Suppose -2*x + n + g = 0. What are the prime factors of x?
3, 31
Suppose -m - 5*d = -1224, 3*m - 5*m - 2*d = -2440. Suppose 5*h = 5*q + 2628 + 382, -m = -2*h - q. List the prime factors of h.
607
Suppose -91*o + 1342332 = -13*o - 297462. What are the prime factors of o?
21023
Let y(s) = s**3 - 24*s**2 - 24*s - 23. Let t be y(25). Let q = 246 + -148. Suppose -t*g = -p + q, g - 200 = -2*p - 29. List the prime factors of p.
2, 11
Let w be (22/5)/(((-63)/(-35))/(-9)). Let o = w - -21. List the prime factors of (o - -5)/(7 + 162/(-24)).
2
Let m(q) = q**3 + 3*q**2 - 2*q - 3. Let d = -16 + 13. Let v be m(d). Suppose -4*f - 2*c + 118 = 0, -3*f + 2*c = -v*c - 95. What are the prime factors of f?
2, 3, 5
Let n(m) = 4*m**3 + 18*m**2 + 3*m + 2. Let b be n(-5). Let f = 71 - b. What are the p